 base 12?
-1
Convert 0 (base 10) to base 13.
0
What is -d (base 14) in base 15?
-d
Convert 1 (base 7) to base 9.
1
-28 (base 12) to base 11
-2a
What is -5a (base 15) in base 12?
-71
49 (base 16) to base 13
58
3 (base 7) to base 8
3
Convert -515 (base 6) to base 3.
-21002
5 (base 11) to base 10
5
Convert -23 (base 5) to base 4.
-31
What is 210 (base 4) in base 6?
100
What is 0 (base 4) in base 11?
0
What is 59 (base 11) in base 13?
4c
Convert 14 (base 14) to base 13.
15
What is 0 (base 4) in base 8?
0
3 (base 7) to base 4
3
-43 (base 11) to base 16
-2f
Convert -c6 (base 14) to base 10.
-174
Convert 3 (base 7) to base 2.
11
Convert -42 (base 13) to base 14.
-3c
Convert -11 (base 10) to base 12.
-b
Convert -45 (base 12) to base 6.
-125
Convert 1e (base 16) to base 10.
30
4 (base 5) to base 7
4
What is 3 (base 6) in base 14?
3
What is 24 (base 5) in base 13?
11
-11 (base 5) to base 4
-12
Convert -5 (base 14) to base 16.
-5
1 (base 14) to base 4
1
What is 0 (base 14) in base 4?
0
What is 4 (base 15) in base 6?
4
What is -100011 (base 3) in base 8?
-367
-9 (base 11) to base 7
-12
Convert 3 (base 11) to base 7.
3
What is -5 (base 12) in base 6?
-5
What is 3 (base 14) in base 4?
3
Convert -132 (base 6) to base 12.
-48
Convert -32 (base 5) to base 4.
-101
Convert -2 (base 11) to base 7.
-2
Convert -3 (base 13) to base 5.
-3
What is -2 (base 9) in base 8?
-2
10110 (base 2) to base 7
31
Convert -31 (base 6) to base 3.
-201
-201 (base 6) to base 4
-1021
-3 (base 5) to base 7
-3
What is 6 (base 15) in base 12?
6
What is d1 (base 15) in base 3?
21021
-101101 (base 2) to base 15
-30
Convert -13 (base 8) to base 2.
-1011
What is 107 (base 10) in base 12?
8b
-1101 (base 2) to base 10
-13
Convert 306 (base 7) to base 6.
413
-1125 (base 6) to base 13
-179
Convert 1 (base 6) to base 13.
1
d (base 15) to base 10
13
5 (base 7) to base 10
5
8 (base 9) to base 11
8
11 (base 2) to base 8
3
-1 (base 6) to base 7
-1
What is 10 (base 2) in base 3?
2
Convert 333 (base 5) to base 13.
72
Convert 23 (base 5) to base 2.
1101
Convert -18 (base 10) to base 8.
-22
Convert -4 (base 12) to base 8.
-4
Convert 111 (base 3) to base 15.
d
What is 47 (base 8) in base 3?
1110
2 (base 16) to base 6
2
Convert 122 (base 4) to base 7.
35
What is 5 (base 6) in base 10?
5
What is 1 (base 8) in base 12?
1
4 (base 6) to base 10
4
What is -67 (base 11) in base 5?
-243
-1 (base 2) to base 3
-1
What is -6 (base 10) in base 4?
-12
Convert -1 (base 10) to base 14.
-1
5 (base 10) to base 7
5
Convert 4 (base 14) to base 16.
4
Convert 30 (base 6) to base 5.
33
What is 1 (base 8) in base 12?
1
-1a7 (base 12) to base 8
-417
Convert -142 (base 11) to base 10.
-167
Convert -1101001 (base 2) to base 12.
-89
153 (base 10) to base 8
231
10 (base 2) to base 13
2
-14 (base 14) to base 12
-16
Convert -1001 (base 2) to base 6.
-13
What is -2 (base 15) in base 5?
-2
Convert 5 (base 13) to base 14.
5
Convert -1 (base 7) to base 13.
-1
-12 (base 9) to base 8
-13
What is 33 (base 12) in base 11?
36
What is 13 (base 9) in base 12?
10
What is 110 (base 2) in base 7?
6
Convert 14 (base 16) to base 4.
110
266 (base 7) to base 10
146
What is -29 (base 12) in base 6?
-53
Convert 11 (base 10) to base 11.
10
What is -20022 (base 3) in base 4?
-2222
What is 10 (base 5) in base 15?
5
19 (base 13) to base 10
22
-12 (base 3) to base 14
-5
0 (base 7) to base 6
0
Convert -12 (base 11) to base 12.
-11
3 (base 9) to base 8
3
What is 3 (base 13) in base 7?
3
What is 2 (base 5) in base 13?
2
-4 (base 15) to base 11
-4
Convert -31 (base 4) to base 6.
-21
201 (base 3) to base 10
19
Convert 12 (base 11) to base 9.
14
-30 (base 11) to base 9
-36
Convert -107 (base 13) to base 16.
-b0
What is 7 (base 9) in base 5?
12
1100111 (base 2) to base 16
67
Convert -111 (base 2) to base 15.
-7
What is 0 (base 12) in base 6?
0
What is -157 (base 14) in base 6?
-1133
-59 (base 16) to base 9
-108
-12 (base 5) to base 3
-21
242 (base 6) to base 11
8a
143 (base 6) to base 9
70
100 (base 2) to base 6
4
What is 3 (base 13) in base 4?
3
What is -ea (base 15) in base 7?
-433
Convert 3 (base 4) to base 15.
3
What is -2 (base 4) in base 5?
-2
Convert -18 (base 14) to base 11.
-20
11 (base 4) to base 3
12
What is a (base 15) in base 4?
22
What is -2 (base 11) in base 15?
-2
What is 111 (base 3) in base 14?
d
20 (base 13) to base 10
26
Convert 0 (base 12) to base 7.
0
3 (base 6) to base 15
3
1 (base 3) to base 9
1
What is -5 (base 14) in base 2?
-101
-16 (base 9) to base 16
-f
3 (base 13) to base 5
3
Convert -1000 (base 5) to base 6.
-325
-78 (base 11) to base 6
-221
10100 (base 2) to base 9
22
-16 (base 16) to base 15
-17
17 (base 10) to base 6
25
What is 11 (base 7) in base 14?
8
Convert 4 (base 12) to base 8.
4
What is 1c (base 13) in base 14?
1b
Convert -2100 (base 3) to base 14.
-47
What is 1010011 (base 2) in base 4?
1103
What is -510 (base 6) in base 13?
-114
What is 33 (base 15) in base 3?
1210
11 (base 2) to base 16
3
What is 2 (base 4) in base 10?
2
-7 (base 10) to base 13
-7
What is 1aa (base 14) in base 16?
15a
122 (base 5) to base 6
101
Convert 96 (base 13) to base 11.
102
What is -14 (base 7) in base 8?
-13
-13 (base 7) to base 2
-1010
122 (base 6) to base 7
101
What is -101 (base 3) in base 5?
-20
-40 (base 10) to base 14
-2c
-22 (base 15) to base 3
-1012
What is 0 (base 3) in base 6?
0
-21 (base 3) to base 2
-111
Convert -52 (base 9) to base 15.
-32
Convert 22 (base 13) to base 7.
40
What is 43 (base 11) in base 7?
65
What is a (base 16) in base 6?
14
Convert -24 (base 16) to base 14.
-28
Convert -1131 (base 4) to base 5.
-333
-79 (base 12) to base 3
-10110
-2 (base 9) to base 11
-2
What is -411 (base 6) in base 10?
-151
What is 8 (base 11) in base 6?
12
Convert 1011 (base 2) to base 11.
10
What is -12 (base 7) in base 12?
-9
-1001 (base 2) to base 7
-12
4 (base 11) to base 10
4
What is -12 (base 8) in base 9?
-11
Convert -52 (base 15) to base 12.
-65
What is -100 (base 2) in base 7?
-4
-5 (base 15) to base 8
-5
-1201 (base 4) to base 5
-342
0 (base 6) to base 12
0
Convert 1 (base 14) to base 13.
1
-1 (base 11) to base 9
-1
-33 (base 4) to base 13
-12
Convert 7 (base 11) to base 10.
7
Convert 3 (base 8) to base 4.
3
What is -2 (base 11) in base 16?
-2
-16 (base 8) to base 13
-11
What is -65 (base 10) in base 5?
-230
11 (base 7) to base 12
8
Convert -25 (base 7) to base 15.
-14
135 (base 15) to base 4
10103
What is 359 (base 10) in base 8?
547
-3 (base 4) to base 15
-3
Convert 4a (base 15) to base 7.
130
-1 (base 15) to base 13
-1
3 (base 10) to base 12
3
What is 1 (base 9) in base 13?
1
-206 (base 9) to base 3
-20020
Convert 241 (base 6) to base 16.
61
What is 333 (base 6) in base 15?
89
Convert 1a (base 13) to base 6.
35
Convert a2 (base 11) to base 4.
1300
36 (base 12) to base 6
110
Convert 2 (base 5) to base 10.
2
What is -7 (base 15) in base 5?
-12
Convert 1000100 (base 2) to base 6.
152
Convert -181 (base 16) to base 9.
-467
Convert 5 (base 6) to base 5.
10
Convert 22 (base 3) to base 14.
8
Convert 110001 (base 2) to base 12.
41
-4 (base 10) to base 5
-4
-1 (base 2) to base 12
-1
Convert 5 (base 12) to base 16.
5
What is -4 (base 14) in base 4?
-10
33 (base 11) to base 7
51
5 (base 13) to base 7
5
What is 9 (base 13) in base 10?
9
Convert 1100 (base 2) to base 16.
c
What is -10 (base 12) in base 7?
-15
What is -6 (base 10) in base 6?
-10
-13c (base 13) to base 3
-22011
2e (base 15) to base 10
44
653 (base 7) to base 10
332
16 (base 16) to base 5
42
-1 (base 15) to base 2
-1
Convert -12 (base 6) to base 9.
-8
-31 (base 14) to base 10
-43
What is -6 (base 7) in base 4?
-12
0 (base 3) to base 16
0
Convert 2 (base 9) to base 2.
10
Convert -6 (base 14) to base 3.
-20
What is 10010 (base 2) in base 7?
24
What is 2 (base 7) in base 5?
2
Convert -313 (base 4) to base 16.
-37
What is 105 (base 7) in base 6?
130
Convert -380 (base 9) to base 8.
-473
-2 (base 4) to base 13
-2
2 (base 4) to base 14
2
Convert -12 (base 11) to base 14.
-d
47 (base 8) to base 7
54
-142 (base 6) to base 4
-332
What is -11111 (base 2) in base 5?
-111
Convert -32 (base 5) to base 15.
-12
Convert 2432 (base 5) to base 3.
111121
-7 (base 8) to base 12
-7
Convert -8 (base 16) to base 5.
-13
148 (base 11) to base 15
b8
Convert 1 (base 13) to base 5.
1
What is -2 (base 7) in 